e remainder when 128 is divided by k?
23
Let w(u) = 76*u - 108. Let q = 42 - 24. What is the remainder when w(4) is divided by q?
16
Let y = -108 - -64. Suppose 3*g - 3*l - 15 = 0, -4*g + 2*l = 7*l - 11. What is the remainder when g is divided by y/(-12) - (-4)/(-6)?
1
Let r = -63 + 97. Let w(f) = -f**2 - 12*f + 10. Let h be w(-10). Let u = -18 + h. Calculate the remainder when r is divided by u.
10
Let g(s) be the second derivative of s**4/6 + 5*s**3/6 + s**2 + s. Let v be g(-5). What is the remainder when 71 is divided by (-3)/(-3)*-3 + v?
23
Let v(o) = 3*o + 5. Let d be v(-11). Let u = -21 - d. What is the remainder when 3/6*2 + 21 is divided by u?
1
Let o(s) = -s - 11. Let r be o(6). Let n = -12 - r. Suppose 0 = -3*k + 5*c + 24, 5 = -n*k + 3*c + 45. Calculate the remainder when 22 is divided by k.
6
Let i(k) = 18*k - 20. Let m be 83 - (0/3 + -1). Suppose -5*j + m + 6 = 0. What is the remainder when i(3) is divided by j?
16
Suppose 3*u - 4*m = 2*u + 56, -3*u + 154 = -5*m. Let w = u + -36. Let t(a) = a**2 - 5. Calculate the remainder when t(8) is divided by w.
11
Let r = -216 + 254. What is the remainder when r is divided by 10?
8
Let z = 1328 + -715. What is the remainder when z is divided by 28?
25
Let c be (-20)/(-90) + (-1154)/9. Let n = 15 - c. Calculate the remainder when n is divided by 49.
45
Let w = 373 + -358. Let f = -7 + 12. What is the remainder when w is divided by f?
0
Suppose 0 = 16*g - 221 - 163. Suppose g*h - 175 = 17*h. Calculate the remainder when 114 is divided by h.
14
Let s = 36 - 80. Let q = s - -109. What is the remainder when q is divided by 23?
19
Let j(n) = -n**2 - 8*n. Let t be j(-8). Let u be (0/7)/(1 + t). Suppose h - 3*x = -5, 3*x - 47 + u = -5*h. What is the remainder when h is divided by 5?
2
Suppose 0 = 3*f - j + 2*j - 4, 14 = 3*f - j. Suppose c + 0*c - 7 = 0. Suppose f*x = c - 1. What is the remainder when 4 is divided by x?
0
Let l(a) = 3*a**2 + 11*a - 2. Suppose 10 = 12*u - 14*u. What is the remainder when 51 is divided by l(u)?
15
Let n = 792 - 699. Calculate the remainder when n is divided by 5.
3
Let w(h) = 5 - 13*h - 20 + 3 - 8. Calculate the remainder when w(-6) is divided by 15.
13
Let t be (1212/30)/(6/15). Let c = -87 + t. Calculate the remainder when c is divided by 2.
0
Let i(k) = -k**3 - k**2 - 4*k + 6. Let c(d) = -d**2 + 14*d - 4. Let p be c(14). What is the remainder when i(p) is divided by 0 - 24*3/(-3)?
22
What is the remainder when 139 is divided by (54/10)/(7/(420/9))?
31
Suppose 0 = -f + 30 + 24. Let o be 5/(-2)*2 - (-8 - -8). Calculate the remainder when f is divided by o - -3*8 - 5.
12
Calculate the remainder when (-1)/(6/6852*-2) is divided by 145.
136
Let q be (-2)/(8/6)*-34. Let d = q + -33. Let f(i) = -8*i - 7. What is the remainder when f(-5) is divided by d?
15
Let y(p) = p - 1413 + 6*p + 1450. What is the remainder when y(14) is divided by 34?
33
Let j = 325 + -272. What is the remainder when j is divided by 8?
5
Calculate the remainder when (-1127)/(-9) - (-5 + 705/135) is divided by 73.
52
Suppose -8*s + 117 = -307. Calculate the remainder when s is divided by 15.
8
Let c be 1128/32 + (-2)/8. Let o = -33 + c. Suppose 4*y = -o*l + 110, 2*l - 13 = 2*y - 53. What is the remainder when y is divided by 9?
7
Suppose 3*a - 130 = -a + d, 5*a - 155 = 5*d. Suppose -i - a = -2*i. Calculate the remainder when i is divided by -5 + 7 + 5 + -2 + 7.
9
Let j(y) = -y**2 + 10*y - 11. Let n be (-9)/15 - (-174)/15. Suppose 3*l = n + 16. What is the remainder when l is divided by j(8)?
4
Let k be 4 - 2/((-6)/(-3)). Let p = 7 - k. Suppose -79 + 259 = p*f. Calculate the remainder when f is divided by 16.
13
Let k = 32 + -23. Suppose 0 = 4*i - 5*o - 41, 11*i - 4*o + 82 = 16*i. What is the remainder when i is divided by k?
5
Let w(m) = m**2 + 7*m + 9. Let r = -120 + 153. What is the remainder when r is divided by w(-8)?
16
Let m(x) = -36*x + 446. Calculate the remainder when m(8) is divided by 55.
48
Let p be 1*8/10*5. Suppose -4*d + 56 = -4*h, -37 = -p*d + 2*d - h. What is the remainder when d is divided by 6?
5
Let t be 14/56 + 10/(-8). Let y(p) be the third derivative of -2*p**4/3 + p**3/3 - 3*p**2. What is the remainder when 67 is divided by y(t)?
13
Suppose -5*t - 28 + 53 = 0. Calculate the remainder when 83 is divided by t.
3
Let j(o) = -9*o**3 - 3*o**2 - 3*o - 8. Calculate the remainder when 114 is divided by j(-2).
56
Calculate the remainder when 16 is divided by (-4 + 5)*(0 + 15).
1
Suppose 18 - 178 = -16*j. Calculate the remainder when 108 is divided by j.
8
Let s be (0/(-1))/8 - 1. Let q(m) = m + 1. Let i(g) = 8. Let z(y) = 5*i(y) - 40*q(y). Calculate the remainder when z(s) is divided by 14.
12
Let j(a) = 6*a - 232. What is the remainder when 134 is divided by j(49)?
10
What is the remainder when 1/(582/290 - 2) is divided by 125?
20
Let b(p) = -5*p - 63 + 14 - 26 - 3*p. Calculate the remainder when 123 is divided by b(-12).
18
Suppose -505 = -14*b - 127. What is the remainder when 375 is divided by b?
24
Let v(z) be the first derivative of z**4/4 - 7*z**3/3 + z**2/2 - 5*z + 5. Let x be v(7). Suppose -x*t + 1 = -9. Calculate the remainder when 7 is divided by t.
2
Let b = -323 + 330. Calculate the remainder when 15 is divided by b.
1
Suppose -55*l + 510 = -21*l. What is the remainder when 40 is divided by l?
10
Let r = -12 - -12. Suppose r = 3*k + k - 188. Calculate the remainder when k is divided by 12.
11
What is the remainder when 67 is divided by (1 - -1)/(-4 - (-564)/138)?
21
Let p(s) = -41*s + 31*s - 1 - 69*s. Let k be (-1)/(3 + -1*2). Calculate the remainder when p(k) is divided by 20.
18
Suppose 3*j + 4 = -g - 0, 4*j - g = 4. Suppose -h - 8 + 26 = j. What is the remainder when h is divided by 11?
7
Suppose -6 = -3*q + q. Let g be (-19)/(-3) - 14/42. Let r = q + g. Calculate the remainder when r is divided by 4.
1
Calculate the remainder when 99/4 - (-2)/8 is divided by 144/(-9) + 20 - (1 - 0).
1
Suppose -3*m + 185 = 20. Let y(f) = 36*f - 58. What is the remainder when m is divided by y(2)?
13
Suppose -4*u = 3*h - 397, -h - 17 = -u + 91. Let x be u + -11 + 8/2. Suppose 0 = 6*b - 8*b + x. What is the remainder when b is divided by 17?
14
Let c = -124 + 131. Let l(u) = 5*u - 7. Calculate the remainder when 222 is divided by l(c).
26
Let h(t) = 13*t - 19*t**2 + 9*t**2 + 24 + 12*t**2. What is the remainder when h(-9) is divided by 24?
21
Let v = 2 - -1. Suppose 0 = -y - 3*n + 21, v*y + 4*n = -2*y + 149. Calculate the remainder when y is divided by 9.
6
What is the remainder when (-1)/((-5)/(-115)*-1) is divided by 21?
2
What is the remainder when ((-120)/(-48))/(5/12) - -494 is divided by 14?
10
Let b(c) be the second derivative of c**5/20 + c**4/2 + 5*c**2 - 13*c. Calculate the remainder when b(-5) is divided by 10.
5
Let x(o) = 2*o**2 - 9*o + 3. Let b be x(4). Let v be 3/(-9)*b*15. Suppose -1 = -y, 4*y - 3*y = -v*q + 76. What is the remainder when 59 is divided by q?
14
Suppose 0 = 15*o - 30*o + 2010. Calculate the remainder when o is divided by 3*(-12)/(-18) + 2*16.
32
What is the remainder when ((-156)/18 + 9)*591 is divided by 100?
97
Let m = 4497 - 4483. Suppose -n - 75 = -g, -2*g - 5*n = -g - 81. Let u = 116 - g. What is the remainder when u is divided by m?
12
Suppose -10*i + 6*i + 22 = 2*m, -m + i = -11. Calculate the remainder when 8/20 + 318/5 is divided by m.
9
Let j(t) = t**3 - 12*t**2 + 44*t - 10. What is the remainder when 286 is divided by j(3)?
40
Suppose -6 + 22 = 4*z. Suppose 4*l + 24 - 6 = -5*c, -l + 6 = -z*c. Calculate the remainder when 11 is divided by -2 + -2 - -6 - c.
3
Let f = -454 - -557. Calculate the remainder when f is divided by 47.
9
Suppose 0 = -5*u - t + 10, 3*u - 4*u - t = 6. Let p(s) = -s**2 + 2*s - 2. Let g be p(2). What is the remainder when u is divided by (-5)/g + (-2)/(-4)?
1
Let v(j) = -j**3 - 2*j**2 - 3*j. Let r be (-3)/3 + (-8 - -7). Let w be v(r). Suppose 279 + 651 = w*g. What is the remainder when g is divided by 39?
38
Suppose -186 + 602 = 2*d. Suppose 200 = b + 2*p, -b + d = 4*p + 6. What is the remainder when b is divided by 40?
38
Let q(t) = -t**2 - 44*t - 254. What is the remainder when q(-17) is divided by 73?
59
Suppose 117 + 103 = 5*j. Suppose 0 = 5*t - 103 + 3. Let h = j - t. Calculate the remainder when 69 is divided by h.
21
